Calculate the remainder when v is divided by i.
14
Let a(x) = x**3 + 10*x**2 + 3*x + 4. Let i be a(-8). Suppose 3*b + 3*b = i. Calculate the remainder when 71 is divided by b.
17
Let b be (-297)/(-3) - (1 - 3). Suppose 3*a = 2*q + b, q - 6*q + 150 = 4*a. What is the remainder when a is divided by 19?
16
Suppose -19 = 3*f - 5*z - 2, 2*z = -3*f - 10. Calculate the remainder when 60 is divided by (-140)/((-8)/2) + f.
29
Let x = -162 - -177. What is the remainder when 102 is divided by x?
12
Suppose -l + 146 = -2*o, -o - 2*l = 2*o + 219. Let m = o - -135. Calculate the remainder when m is divided by 21.
20
Let h be (-18)/(-10) + (-1)/(-5). Calculate the remainder when 45 is divided by -10*(-1 - h/10).
9
Suppose 5*j - h = 2*h - 7, 3*j = 5*h - 1. Suppose -a + 4 = -3*a, -5*x = -4*a - 63. What is the remainder when (-91 + -2)*j/6 is divided by x?
9
Suppose 0 = -2*q - h - 2*h + 39, -2*q - 2*h + 38 = 0. What is the remainder when q is divided by (-6)/(-10) + (6 - 16/10)?
3
Suppose 4*r - 18 = 38. What is the remainder when 66 is divided by r?
10
Let k(r) = -r**3 - 14*r**2 - 17*r + 10. What is the remainder when k(-13) is divided by 8?
6
Let u be ((-2)/4)/((-1)/(-2)). Let x(l) be the second derivative of -l**5 + l**3/6 + 3*l. What is the remainder when x(u) is divided by 10?
9
Let g(k) = -10*k - 5. What is the remainder when 69 is divided by g(-3)?
19
Let c(g) be the first derivative of 4*g**3/3 + g**2/2 - g + 1. What is the remainder when c(2) is divided by (-2 + ((-5)/(-1) - 2))*5?
2
Let r(u) = u + 12. What is the remainder when r(5) is divided by 5?
2
Calculate the remainder when 95 is divided by 18*4/3*1.
23
Let a(u) = -u**3 - 6*u**2 + 24. Suppose 0 = -4*g, 3*n - g + 6*g = 213. What is the remainder when n is divided by a(-6)?
23
Suppose -3*d + 5*d + j = 6, 0 = d + 5*j + 15. Suppose 0 = -4*c + 2*v + 6, -5*c - 3*v + 16 + 8 = 0. Calculate the remainder when d is divided by c.
2
Let f = 484 + -343. What is the remainder when f is divided by 18?
15
Suppose 0 = 4*l - 23 - 17. Calculate the remainder when 37 is divided by l.
7
Suppose -3*y - 4*p = 8, -21 = -4*y + 3*p + 10. Calculate the remainder when 6 is divided by y.
2
Calculate the remainder when 151/3 + 3/(-9) is divided by 13.
11
Let y(a) = 13*a - 1. What is the remainder when y(5) is divided by 22?
20
Let b(a) = a**3 + 9*a**2 - 14*a - 5. Let h be b(-11). Let j = h - -141. Calculate the remainder when j is divided by 17.
14
Let x = -149 - -158. Calculate the remainder when 23 is divided by x.
5
Let b(z) = z - 2. Let f be b(7). Suppose -4*x + f*q = -54, 1 = q - 1. Suppose -3*l + x = -l. What is the remainder when 15 is divided by l?
7
Suppose 0 = -4*h - 2*r + 42, -2*h + 6*r - 4 = 2*r. What is the remainder when h is divided by 3?
2
Let m = -8 + 40. What is the remainder when m is divided by 2085/120 + 3/(-8)?
15
Suppose 27 = 2*d - d. Calculate the remainder when d is divided by 15.
12
Let r(c) = -c**2 - 5*c + 2. What is the remainder when ((-66)/4)/((-3)/4) is divided by r(-4)?
4
Suppose -15 + 59 = 4*y. Let b = y - 8. Suppose 0 = 2*l + 3*h - 21 - 18, -b*h - 33 = -4*l. Calculate the remainder when l is divided by 7.
5
Suppose 0 = -x + 1 + 6. Suppose 0 = -3*g + g + 68. Calculate the remainder when g is divided by x.
6
Suppose -2*s = k + 2*s - 20, -3*s + 15 = 5*k. Suppose 3*q - 3 = k, -76 = -3*f - 2*q - 2*q. Calculate the remainder when f - ((-6)/(-3))/(-1) is divided by 9.
8
Let z(o) = 2*o**2 - 6*o + 12. Suppose 2*g - y - 49 = 0, -4*g = y - 78 - 5. What is the remainder when g is divided by z(3)?
10
Suppose -2*o + 0*o = -14. Calculate the remainder when (2 + 1)/3*o is divided by 3.
1
Let k = -3 - -3. Suppose 3*l + x = 26, k = l + 5*x - 0 - 32. Calculate the remainder when l is divided by 4.
3
Let g = -27 + 48. What is the remainder when 82 is divided by g?
19
Suppose -118 = -4*t - 2*z, 2*t = -t - 5*z + 78. What is the remainder when t is divided by 11?
9
Suppose 0 = -2*o + 4*z + 52, -7*o = -5*o - 3*z - 47. What is the remainder when 28 is divided by o?
12
Suppose 4*m - 4 - 4 = 0. Suppose 339 - 894 = -5*p + d, m*p = -3*d + 239. Let c = p - 74. Calculate the remainder when c is divided by 20.
18
Let j = 19 + -8. What is the remainder when j is divided by 4?
3
Let j(c) = 8*c + 1. Let o be 3 + 9*2 - 1. Suppose 4*m = 5*l + o, -4*m + 0*l + 20 = -4*l. Calculate the remainder when j(1) is divided by m.
4
Suppose -2*l + 6*l + 5*n - 22 = 0, l - 5*n - 18 = 0. What is the remainder when 15 is divided by l?
7
Let u(x) = -x**3 + 8*x**2 - 4*x - 8. Calculate the remainder when 50 is divided by u(7).
11
Suppose 3*d = 3*w - 3, -w - 10 = 3*d + 3*w. What is the remainder when 27 is divided by -28*(5/(-2) - d)?
13
Calculate the remainder when 23 is divided by ((-50)/(-18) - 3) + 168/27.
5
Let i(w) be the third derivative of 0 + 1/60*w**5 + 1/12*w**4 - 3*w**2 + 0*w - 1/3*w**3. What is the remainder when 9 is divided by i(2)?
3
Let m = -85 - -103. Let o = 6 + -3. Suppose 2*a + 26 = 3*x - x, -a = -o*x + 33. Calculate the remainder when m is divided by x.
8
Suppose -3*l = -2*k - k + 54, 0 = 2*l + 10. What is the remainder when (1 - k/(-4))*12 is divided by 13?
12
Suppose -2*x - 221 = -3*y + 136, 0 = 2*y - 2*x - 240. What is the remainder when y is divided by 20?
17
Suppose 0 = 3*q - f - f - 47, 4*q - 61 = f. Let z = 3 + q. Calculate the remainder when 1 + (-1 - -2) - -32 is divided by z.
16
Let n = 156 + -64. Suppose -z = 3*z - n. What is the remainder when z is divided by 2 - (-1)/(3/30)?
11
What is the remainder when 47 is divided by 40/260 - (-308)/26?
11
Let i(n) = n**3 + 3*n**2 + n - 2. Let k be i(-2). Calculate the remainder when 8 is divided by k - (-15)/((-9)/(-3)).
3
Suppose 5*u - 82 = 58. Calculate the remainder when u is divided by 15.
13
What is the remainder when 94 is divided by -1 + 4 - 1 - -24 - 2?
22
Let n = -25 - -30. Suppose -n*s + 32 = -s. Calculate the remainder when s is divided by 3.
2
Suppose -126 - 19 = -5*b. Suppose 2*f + 0*a - 1 = -a, 6 = -2*a. Suppose 7*k = f*k + 50. Calculate the remainder when b is divided by k.
9
Let n be (92/14)/(4/28). Calculate the remainder when -4 + (3 - 6) + n is divided by 21.
18
Suppose -2*a = -50 - 10. What is the remainder when a is divided by 8?
6
Suppose -4*b + 1 = 3*o - 37, 0 = -2*o - 2*b + 22. What is the remainder when 9 is divided by o?
3
Suppose 2*s - s = 2*z - 31, -z + 3*s + 13 = 0. What is the remainder when 62 is divided by z?
14
Suppose -29 - 22 = -j. Calculate the remainder when 149 is divided by j.
47
Suppose -h = -2*p + 52, -2*p = 3*p + 5*h - 145. What is the remainder when p is divided by 10?
7
Let n = 4 - 10. Let y = n + 11. Calculate the remainder when 8 is divided by y.
3
Suppose 13*j - 12*j - 46 = 0. Calculate the remainder when j is divided by 24.
22
Let t(n) = -25*n - 22. Calculate the remainder when t(-6) is divided by 26.
24
Let a(z) = 3*z**2 + 34*z + 113. Suppose -j - 4*d + 25 = 0, 3*j - 39 = -2*d + 56. Suppose -3*o + j + 18 = 0. Calculate the remainder when a(-8) is divided by o.
16
Calculate the remainder when 26 is divided by 1/((-22)/(-20) - (0 + 1)).
6
Suppose -189 + 45 = -4*v. Suppose 5*f + 2*g = 91, -g = f - 3*g - 23. Calculate the remainder when v is divided by f.
17
Suppose -3*f + 24 = 2*q, q - f - 12 = 2*f. Calculate the remainder when 81 is divided by q.
9
Let k(m) = -2*m + 0 + 4*m**2 - m**3 - 1 + 3*m. Let q be (-11)/(-4) - (-4)/16. Calculate the remainder when 32 is divided by k(q).
10
Let h = -29 + 40. Calculate the remainder when h is divided by 7.
4
What is the remainder when 67/(3/(5 - 2)) is divided by 18?
13
Let m = 26 - -40. What is the remainder when m is divided by 17?
15
Let r(d) = d**3 - 6*d**2 + 5*d + 1. Let v be r(5). Let b = v + 3. What is the remainder when 6 is divided by b?
2
Let f(m) = m**2 - m - 3. Calculate the remainder when f(4) is divided by 5.
4
Suppose -4*a = -4*q - 17 + 81, -5*q + 3*a + 78 = 0. Let v = -20 - -29. Calculate the remainder when q is divided by v.
6
Let s(u) = 2*u**2 - 19*u - 62. Suppose -z - 12 = -2*z. Calculate the remainder when s(-4) is divided by z.
10
Suppose 2*c + 3 = 4*o + 23, -5*c - 4*o = -78. What is the remainder when 53 is divided by c?
11
Suppose 0 = -p + 2*g + 18, 0 = 3*p + 5*g - 29 + 8. Suppose -5*b + 7 = -33. Calculate the remainder when p is divided by b.
4
Let b(f) = -7 + 4*f